{"id":207,"date":"2024-05-28T08:21:13","date_gmt":"2024-05-28T08:21:13","guid":{"rendered":"https:\/\/badort.de\/?page_id=207"},"modified":"2024-05-29T05:23:54","modified_gmt":"2024-05-29T05:23:54","slug":"elementor-207","status":"publish","type":"page","link":"https:\/\/badort.de\/?page_id=207","title":{"rendered":"Anfahrt"},"content":{"rendered":"\t\t<div data-elementor-type=\"wp-post\" data-elementor-id=\"207\" class=\"elementor elementor-207\">\n\t\t\t\t<div class=\"elementor-element elementor-element-7df4c57 e-flex e-con-boxed e-con e-parent\" data-id=\"7df4c57\" data-element_type=\"container\" data-e-type=\"container\">\n\t\t\t\t\t<div class=\"e-con-inner\">\n\t\t\t\t<div class=\"elementor-element elementor-element-0c4a276 elementor-widget elementor-widget-heading\" data-id=\"0c4a276\" data-element_type=\"widget\" data-e-type=\"widget\" data-widget_type=\"heading.default\">\n\t\t\t\t<div class=\"elementor-widget-container\">\n\t\t\t\t\t<h2 class=\"elementor-heading-title elementor-size-default\">Wegbeschreibung zu Badort, Oberstr. 99, 41460 Neuss<\/h2>\t\t\t\t<\/div>\n\t\t\t\t<\/div>\n\t\t\t\t\t<\/div>\n\t\t\t\t<\/div>\n\t\t<div class=\"elementor-element elementor-element-8cbcde0 e-flex e-con-boxed e-con e-parent\" data-id=\"8cbcde0\" data-element_type=\"container\" data-e-type=\"container\">\n\t\t\t\t\t<div class=\"e-con-inner\">\n\t\t\t\t\t<\/div>\n\t\t\t\t<\/div>\n\t\t<div class=\"elementor-element elementor-element-8782cb1 e-flex e-con-boxed e-con e-parent\" data-id=\"8782cb1\" data-element_type=\"container\" data-e-type=\"container\">\n\t\t\t\t\t<div class=\"e-con-inner\">\n\t\t\t\t<div class=\"elementor-element elementor-element-c2acf9e elementor-widget elementor-widget-google_maps\" data-id=\"c2acf9e\" data-element_type=\"widget\" data-e-type=\"widget\" data-widget_type=\"google_maps.default\">\n\t\t\t\t<div class=\"elementor-widget-container\">\n\t\t\t\t\t\t\t<div class=\"elementor-custom-embed\">\n\t\t\t<iframe loading=\"lazy\"\n\t\t\t\t\tsrc=\"https:\/\/maps.google.com\/maps?q=Roman%20Badort%2C%20Oberstr.%2099%2C%2041460%20Neuss&#038;t=m&#038;z=10&#038;output=embed&#038;iwloc=near\"\n\t\t\t\t\ttitle=\"Roman Badort, Oberstr. 99, 41460 Neuss\"\n\t\t\t\t\taria-label=\"Roman Badort, Oberstr. 99, 41460 Neuss\"\n\t\t\t><\/iframe>\n\t\t<\/div>\n\t\t\t\t\t\t<\/div>\n\t\t\t\t<\/div>\n\t\t\t\t\t<\/div>\n\t\t\t\t<\/div>\n\t\t<div class=\"elementor-element elementor-element-ddaafa5 e-flex e-con-boxed e-con e-parent\" data-id=\"ddaafa5\" data-element_type=\"container\" data-e-type=\"container\">\n\t\t\t\t\t<div class=\"e-con-inner\">\n\t\t\t\t<div class=\"elementor-element elementor-element-76edc13 elementor-widget elementor-widget-text-editor\" data-id=\"76edc13\" data-element_type=\"widget\" data-e-type=\"widget\" data-widget_type=\"text-editor.default\">\n\t\t\t\t<div class=\"elementor-widget-container\">\n\t\t\t\t\t\t\t\t\t<p>Wenn Sie wollen, k\u00f6nnen Sie die Wegbeschreibung in Ihr Smarphone \u00fcbernehmen. Das leitet Sie dann zu uns.<\/p><p>Die Parksituation in den Innenst\u00e4dten wird nicht besser. Deshalb hier ein Link f\u00fcr die Parkh\u00e4user in der N\u00e4he unseres Gesch\u00e4fts:<\/p><p><a href=\"https:\/\/www.parkopedia.de\/parken\/oberstra%C3%9Fe_neu%C3%9F\/?arriving=202405281030&amp;leaving=202405281230\">Oberstra\u00dfe Neu\u00df Parken &#8211; Parkplatz, Parkhaus, Stra\u00dfenparkpl\u00e4tze (parkopedia.de)<\/a><\/p>\t\t\t\t\t\t\t\t<\/div>\n\t\t\t\t<\/div>\n\t\t\t\t\t<\/div>\n\t\t\t\t<\/div>\n\t\t\t\t<\/div>\n\t\t","protected":false},"excerpt":{"rendered":"<p>Wegbeschreibung zu Badort, Oberstr. 99, 41460 Neuss Wenn Sie wollen, k\u00f6nnen Sie die Wegbeschreibung in Ihr Smarphone \u00fcbernehmen. Das leitet Sie dann zu uns. Die Parksituation in den Innenst\u00e4dten wird nicht besser. Deshalb hier ein Link f\u00fcr die Parkh\u00e4user in der N\u00e4he unseres Gesch\u00e4fts: Oberstra\u00dfe Neu\u00df Parken &#8211; Parkplatz, Parkhaus, Stra\u00dfenparkpl\u00e4tze (parkopedia.de)<\/p>\n","protected":false},"author":1,"featured_media":0,"parent":0,"menu_order":0,"comment_status":"closed","ping_status":"closed","template":"","meta":{"footnotes":""},"class_list":["post-207","page","type-page","status-publish","hentry"],"_links":{"self":[{"href":"https:\/\/badort.de\/index.php?rest_route=\/wp\/v2\/pages\/207","targetHints":{"allow":["GET"]}}],"collection":[{"href":"https:\/\/badort.de\/index.php?rest_route=\/wp\/v2\/pages"}],"about":[{"href":"https:\/\/badort.de\/index.php?rest_route=\/wp\/v2\/types\/page"}],"author":[{"embeddable":true,"href":"https:\/\/badort.de\/index.php?rest_route=\/wp\/v2\/users\/1"}],"replies":[{"embeddable":true,"href":"https:\/\/badort.de\/index.php?rest_route=%2Fwp%2Fv2%2Fcomments&post=207"}],"version-history":[{"count":15,"href":"https:\/\/badort.de\/index.php?rest_route=\/wp\/v2\/pages\/207\/revisions"}],"predecessor-version":[{"id":276,"href":"https:\/\/badort.de\/index.php?rest_route=\/wp\/v2\/pages\/207\/revisions\/276"}],"wp:attachment":[{"href":"https:\/\/badort.de\/index.php?rest_route=%2Fwp%2Fv2%2Fmedia&parent=207"}],"curies":[{"name":"wp","href":"https:\/\/api.w.org\/{rel}","templated":true}]}}